Let g(m) = 115*m + 27. What is the tens digit of g(4)?
8
Let m(o) = -o**2 - 34*o - 230. Let b be m(-25). Let c(t) be the first derivative of -t**4/4 - t**3 + 3*t**2/2 - 5*t - 1. What is the units digit of c(b)?
0
Let q(r) = -12*r + 4. Let n(z) = -z + 1. Let k(t) = -5*n(t) + q(t). Let v(f) = -f. Let p(l) = k(l) - 5*v(l). What is the units digit of p(-2)?
3
Let k = -9 - -13. Let c be k/2 - (2 - 2). Suppose -c*f + 5*n + 51 = 0, 0*f = f + 2*n - 21. What is the units digit of f?
3
Let s(n) = 2*n + 31. What is the tens digit of s(3)?
3
Let k(h) = -2*h**2 - 59*h + 122. What is the tens digit of k(-28)?
0
Let s = -34 - -33. Let y be (-4)/s + 0/(-4). Suppose -y*g - g = -230. What is the units digit of g?
6
Suppose -46 - 2 = -8*s. Suppose s*y = y + 380. What is the tens digit of y?
7
Let j(z) be the third derivative of z**6/120 + z**5/12 + z**4/8 - 5*z**3/6 - 4*z**2. Let m be j(-4). What is the units digit of (3/2)/(m/(-22))?
3
Let c(o) = 5*o + 7. Let d be c(-2). What is the tens digit of 77 + (-9)/d + -4?
7
Let c = 434 - -832. What is the thousands digit of c?
1
Suppose -p = 3*z + 885, -2*p + 1737 = -4*p + 5*z. What is the units digit of 1/(1*(-2)/p*3)?
6
What is the units digit of (-6)/(2 - 14) + 742/4?
6
Suppose 0 = 5*z - 0*z - 10. Suppose -r = z*r + 45. What is the units digit of (-36)/r - (-18)/30?
3
Let s(v) = -v**2 - 19*v - 14. Suppose 6*i + 0*i = -78. What is the units digit of s(i)?
4
Let y = -115 - -124. Let f(s) = s**3 - 8*s**2 + 13*s - 18. What is the units digit of f(y)?
0
Let j = 47 + 116. What is the tens digit of j?
6
Let c(y) = 3*y - 44. Let a be c(16). What is the hundreds digit of (a - 6) + -2 + 159?
1
What is the units digit of (-4 - -878 - 2 - 3) + 1?
0
Suppose -282*i = -267*i - 29205. What is the tens digit of i?
4
Let z(w) = w**2 - 2*w. Let l be z(2). Suppose -u = -l*u - 11. Suppose 0 = -3*c + u + 4. What is the units digit of c?
5
Suppose -2*a - 3*i - 326 = -2551, -3*a + 3329 = -4*i. What is the tens digit of a?
1
Suppose -4*j = -5*j + 14. Let a be 28/49 - (-160)/j. Suppose 2*p = 72 - a. What is the tens digit of p?
3
Let o(t) = 4*t - 6 - t**3 - 9*t + t. What is the units digit of o(-5)?
9
Let w(x) be the third derivative of -x**4/24 + 5*x**3/6 - 5*x**2. Let f be w(5). Suppose q - 75 - 28 = -4*k, f = 4*k + 2*q - 102. What is the units digit of k?
6
Let y be (-2 - 13)/((-3)/3). Let b(m) = -m**2 + 15*m + 4. Let o be b(y). Suppose -3*l + 5*d + 133 = 7*d, -103 = -3*l + o*d. What is the units digit of l?
1
Let x(s) = -2*s - 13. Let i(k) = k + 6. Let p be i(-4). Suppose -m + 3 = 0, p*n - 9 = -3*m - 30. What is the units digit of x(n)?
7
What is the tens digit of (-60)/(-18)*228/8?
9
Let x(a) = -28*a + 1. Let o be x(-1). Let u(d) = -2*d**3 + 1. Let p be u(2). Let r = o + p. What is the tens digit of r?
1
Let z = 169 + 201. What is the tens digit of z?
7
Let q be (76/(-12))/(3/(-9)). Let m = q + 38. What is the tens digit of m?
5
Suppose v - 5*v = -8. Suppose -4*f = 4*k - 72, -2 - 10 = -f + v*k. Let w = 24 - f. What is the units digit of w?
8
Let s be ((-20)/10)/(2/(-35)). Suppose 0 = 3*w - s + 2. Suppose -3*k + 10 = -w. What is the units digit of k?
7
Let m be 7 + -3 + 8 + -4. Let c(t) = 17*t - 23. What is the tens digit of c(m)?
1
Let r(a) = a**2 - 2*a + 61. What is the tens digit of r(-14)?
8
Let n = 3161 + -1577. What is the thousands digit of n?
1
Let d = -107 - -194. Let z be (10/30)/(1/d). Suppose -z = -3*r + 40. What is the tens digit of r?
2
Let j(k) = -7*k + 25. Let c(p) = p. Let n(o) = 5*c(o) + j(o). What is the units digit of n(-15)?
5
What is the units digit of (-6 + (-1542)/36)/((-1)/6)?
3
Let a(w) = -2*w - 17. Let x be a(-10). Let g(b) = 2*b**3 + b**2 + 5. What is the units digit of g(x)?
8
Let d(l) = 13*l**3 + 4*l**2 + 17*l - 113. Let g(f) = 3*f**3 + f**2 + 4*f - 28. Let o(a) = 2*d(a) - 9*g(a). What is the tens digit of o(0)?
2
Suppose 0 = 13*f + 2064 + 1498. Let z = f - -458. What is the tens digit of z?
8
Suppose -11*b + 3778 = -545. What is the hundreds digit of b?
3
Suppose 3*a + u - 16 = 0, -4*a + 2*u = -2*u - 32. Let f = -11 + a. Let q = -2 - f. What is the units digit of q?
3
Suppose -349 = -3*u - x, 2*u + x - 221 = -2*x. Suppose 9*i - 5*i + 2*k - u = 0, 5*k + 69 = 3*i. What is the units digit of i?
8
Suppose 46 = 5*o - y, -2*o = -y - y - 20. Let m be 28/6 - (-12)/o. Suppose -m = w - 48. What is the units digit of w?
2
Suppose 2*k = 3*k - 5*y - 368, -1690 = -5*k - 5*y. What is the hundreds digit of k?
3
Suppose 0 = -5*h + 4*h. Suppose 3*o = -4*r + 64, -2*r = -o - h*o - 42. Let t = 64 - r. What is the units digit of t?
5
Let r(x) = -x**3 - 7*x**2 - 2*x - 9. Let z be r(-7). Suppose z*b + 0*b = 0. Suppose b = 3*g + g + 4*i - 20, 53 = 5*g - 2*i. What is the units digit of g?
9
Suppose -30 = -3*w + 3. Let a be 6/8*(3 - w). What is the units digit of (4/a)/(9/(-486))?
6
Suppose -22*x = -4*m - 26*x + 8, -3*m = x. Let k(h) be the first derivative of -9*h**2/2 + h + 1. What is the tens digit of k(m)?
1
Let t(y) = -5 - 5*y - 8*y - 3*y**2 - 10*y**2 - 4*y - y**3. What is the tens digit of t(-12)?
5
Suppose 0*m = -4*m + 372. Let n = m - 53. What is the tens digit of n?
4
Let l be (-2 - -2)*(-3)/3. Suppose l = -2*w - z + 462, 4*w - 3*z - 944 = -0*w. What is the tens digit of 16/(-56) + w/7?
3
Let k be (-1)/(-2 - -1) + 2. Suppose 3 = 2*b - k*c, -3*c - 3 = -0*c. Suppose z - 6*z + 5 = b. What is the units digit of z?
1
Suppose 5*h - 1039 = -3*z, 2*z = 3*h - 2*h - 200. Let u = 292 - h. What is the units digit of u?
6
Let l = -11 - -71. Suppose -h + 5*b = -32, 7*h - 5*b = 2*h + l. Let g = 17 + h. What is the tens digit of g?
2
Let w(g) = -g + 16. Suppose -2*t = -9*t. Suppose p + 26 = 5*r, -2*r = -t*r + 5*p - 5. What is the units digit of w(r)?
1
Let n(i) = -i + 14. Let a = 42 + -30. What is the units digit of n(a)?
2
Let k be -1 + 4 + 0 + 10. Suppose 2*m + 3*l = 0, -3*l + k + 5 = -m. What is the tens digit of (-100)/m + (-12)/18?
1
Let r be ((-15)/(-13))/1 - (-124)/(-806). Let m(z) = -2*z**3 - z**2 - 2*z - 1. Let w be m(-1). What is the units digit of (w + 41 - 1) + r?
3
Suppose -1649 = -3*u - 4*s, 2*u - 5*s - 530 = 531. What is the hundreds digit of u?
5
Suppose 35*r - 107940 - 54985 = 0. What is the hundreds digit of r?
6
Suppose 0 = b - 2*d + 9, -5*b - 25*d - 33 = -29*d. Suppose -6*g - 195 = -g + 5*j, 0 = 5*g - 5*j + 215. Let r = b - g. What is the units digit of r?
6
Let c = -33 - -29. Let i(w) = -w**3 + w**2 + 6*w + 2. What is the tens digit of i(c)?
5
Suppose 0 = 5*g + 5*w - 1935, 0 = 4*g + 23*w - 25*w - 1572. What is the tens digit of g?
9
Let i = 2 - -4. Let u be (-2)/i*0/(-1). Suppose -c + u*c = -23. What is the units digit of c?
3
Let g = 128 - 53. Let d = g - 37. What is the units digit of d?
8
Let v = 52 + 10. Let u = v - -22. What is the tens digit of u?
8
Let l = -14 + 13. Let i(n) = -4*n**2 + 16*n + 3. Let j(k) = -k**2 + k. Let s(p) = l*i(p) + 5*j(p). What is the units digit of s(-5)?
7
What is the thousands digit of (-963)/107*713/(-3)?
2
Suppose 4*d - 478 = 2*j - 36, 4*j = 4. What is the hundreds digit of d?
1
Suppose 2*j = 4*q - 8, -q - 5*j + 4 = 2. Suppose p = q, -3*o + 2*o = 4*p - 10. What is the units digit of o?
2
Let c = 612 - 610. Let g = 4 + 0. Suppose -c*v = -g*v + 42. What is the tens digit of v?
2
Suppose -14*s + 13 + 15 = 0. What is the units digit of (-6)/(-4 - s)*(-126)/(-2)?
3
Suppose -34*p = -42*p + 14856. What is the units digit of p?
7
Suppose -3*l + 3*t = 3, 4*l + 5*t + 22 = -0*t. Suppose 5*y + 25 + 5 = 0. What is the tens digit of (l/y)/((-8)/(-384))?
2
What is the hundreds digit of -1 + -3 - (2 - (526 + 9))?
5
Let i = 118 - 2. What is the tens digit of i?
1
Let q(x) = x**3 - 4*x**2 + 19*x - 87. What is the thousands digit of q(13)?
1
Let q(s) = s**3 - 6*s**2 - 5*s - 2. Suppose 4*y = -14 + 46. Let b be q(y). Let r = b - 48. What is the tens digit of r?
3
Suppose -7*u + 9 = -5. Suppose 5*f + s - 325 = -u*s, 5*f = 2*s + 300. Let m = f - 38. What is the units digit of m?
4
Let d(v) = v**3 + 7*v**2 - 2*v + 11. Let z be d(-8). Let h = 164 - z. What is the tens digit of h?
0
Let i be (0 - 8)*(-2)/4. Suppose 2*m = 5*m + i*l, 4*m - 3*l = 25. Suppose 0 = -c - 4*k + 6, 6 = m*c + k - 18. What is the units digit of c?
6
Suppose 8*o + 9 = 11*o. Let w(l) = 5*l**3 + l**2 - 8*l - 4. What is the tens digit of